 is divided by ((-106)/3)/(-20 - 826/(-42)).
102
Suppose 4*u + 4 = 0, z - 4*u + 1 = 32. What is the remainder when 6/z + (-2040)/(-54) is divided by 32?
6
Let u = 180682 - 180373. Suppose -62 = -0*q - q. Calculate the remainder when u is divided by q.
61
Suppose -8 = -2*g + 3*n - n, 0 = 3*g + 3*n - 30. Suppose g*k = 2409 + 377. Calculate the remainder when k is divided by 20.
18
Let k(b) = -b**2 + 13*b - 17. Let u(v) = 9*v**2 - 6. Suppose 13*c - 6*c + 21 = 0. Calculate the remainder when u(c) is divided by k(9).
18
Suppose 3*c - 5*p - 274 = 0, -4*c = p - 237 - 136. Let a = -8 - 71. Let d = c + a. What is the remainder when 27 is divided by d?
13
Suppose 10 = -5*d, 4*l - l - 5283 = -21*d. Calculate the remainder when l is divided by 48.
47
Suppose d = 2*y - d - 10, -5*y - 2*d = -32. Suppose y*q = -1447 + 1645. What is the remainder when 124 is divided by q?
25
Let w(c) = -8*c - 6. Let o be 4 + -12 - (-7)/(14/10). What is the remainder when w(-6) is divided by ((-1)/o)/(-1)*1134/(-42)?
6
Suppose -x + 17 = r, 3*r - 17 = -x + 6*r. Let s(d) = -d**3 + 3*d**2 + 493. Let q be s(0). Let u = -483 + q. Calculate the remainder when x is divided by u.
7
Suppose 211*w - 368 = -4*z + 213*w, -8 = 4*w. Calculate the remainder when 276 is divided by z.
3
Let z(r) = -14*r + 3. Let h be (-6)/(-48) + (-36)/32. Calculate the remainder when z(h) is divided by ((-28)/(-42))/((-4)/(-42)).
3
Let p = 120 - -4. Let m = -2 - -6. Suppose -m*d + r + 53 = 0, 2*d - 2*r = -6*r + 40. What is the remainder when p is divided by d?
12
Let q(t) = -5*t**2 + t + 44. Suppose -4*n = 3*u - 6, -4 = -5*n + u - 3*u. What is the remainder when 173 is divided by q(n)?
41
Calculate the remainder when (-12476)/(-2) + 2/5 + (-102)/255 is divided by 52.
50
Suppose 1356 + 6192 = 12*d. Calculate the remainder when d is divided by 16.
5
What is the remainder when 676 is divided by ((-4)/20*(-107 - 7))/(2/5)?
49
Suppose 11 + 7 = 2*w. Suppose -w - 75 = -4*s. Suppose 248 = 5*p - p + 2*b, b = -p + 64. What is the remainder when p is divided by s?
18
Suppose 34*g - 169*g - 41*g = -31504. Calculate the remainder when 733 is divided by g.
17
Let h = 65 + -58. Let j(b) = 6*b + 16. What is the remainder when j(h) is divided by 20?
18
Let h = -21577 + 26735. Calculate the remainder when h is divided by 11.
10
Suppose -14*x - 32 = -15*x. Let o(l) = l**2 - 5*l + 5. Let z be o(5). Suppose -z*v + 132 + 163 = 0. What is the remainder when v is divided by x?
27
Let s(q) = -4*q**3 + 2*q**2 - 2*q + 8. Let l be s(-3). Let v = l - -70. Calculate the remainder when v is divided by 53.
51
Let k be 2/((-1)/17*(-4 + 3)). Calculate the remainder when 50 is divided by 119/k*116/14.
21
Calculate the remainder when (418/33)/(8*2/912) is divided by 49.
36
Let h be (-2)/14 - 2494/(-14). Suppose -131*g + 130*g = -h. What is the remainder when g is divided by 20?
18
What is the remainder when 1014 is divided by ((-30)/(-18))/((-2)/(-126)*(11 - 8))?
34
Suppose 4*x = -3*h - 36, -5*h = -0*x - 5*x + 60. Let v = -71 + 47. Calculate the remainder when 25 is divided by (v/15)/(h/30).
1
Suppose 2*q - 3*j = 3723, 14*q - 15*q + 2*j + 1860 = 0. Calculate the remainder when q is divided by 117.
111
What is the remainder when (272/32)/((-9)/(-396)) is divided by 90?
14
Let a be 3/(-12) - (-1)/(4/9). Calculate the remainder when 117 is divided by (a - 3 - -37)/((-9)/(-6)).
21
Let r = 6650 + -6068. Calculate the remainder when r is divided by 11.
10
What is the remainder when ((-6)/(-5)*-17)/(4347/(-7245)) is divided by 4?
2
Suppose -2*u + 3*m = -51 + 4, -3 = -m. Suppose u = 50*o - 43*o. Let b = 36 - 19. Calculate the remainder when b is divided by o.
1
Suppose -131*x = -31418 - 173 + 5522. Calculate the remainder when x is divided by 74.
51
What is the remainder when (0 - -1)/((-1033417)/86119 - -12) + -6 is divided by 43?
40
Let k(f) = -337*f**2 - 136 - 36*f + 336*f**2 - 7. Calculate the remainder when 47 is divided by k(-5).
11
Suppose -5*i - 60 = -2*f, 3*f - 5*i - 110 = -f. Suppose -4*j + 48 = 5*v, -9 = -3*j - 4*v + 28. Let q = 19 - j. What is the remainder when f is divided by q?
1
Let g(v) = -19*v - 189. Let c be g(-10). What is the remainder when 47 is divided by (-220)/(-15) - (-10)/(-15) - c?
8
Let t = -24 + 28. Suppose t = 4*u, 2*u + 570 = -5*m + 1607. Suppose 0*f - m = -3*f. Calculate the remainder when f is divided by 35.
34
Let p = 2339 + -732. Calculate the remainder when p is divided by 161.
158
Suppose -2*o + 3*b + 324 = o, 431 = 4*o - 3*b. Calculate the remainder when o is divided by 10/(-20) + (-109)/(-2).
53
Suppose -224 = -4*r - f, -7*f = 5*r - 3*f - 269. Suppose -4*b + 42 = -2*o - 20, 2*o - r = -3*b. What is the remainder when 29 is divided by b?
12
Let w(c) = -7*c**3 - 127*c**2 - 19*c - 4. What is the remainder when 68 is divided by w(-18)?
12
Let b = 17719 + -17621. Suppose -5*u - 824 = -239. Let n = 167 + u. Calculate the remainder when b is divided by n.
48
Let q(y) = y**2 - 34*y + 16. Suppose 23*a = -0*a + 782. Calculate the remainder when 95 is divided by q(a).
15
Calculate the remainder when (276/(-10))/(6/(-30)) is divided by ((-98)/(-3))/((-56)/(-120) + 3/15).
40
Let x(d) = 2*d - 15. Let a be x(10). Suppose -2*j - 2*g = -52, a*g + 10 = -0. Calculate the remainder when 84 is divided by j.
0
Let m(z) be the third derivative of z**5/4 + z**3 - 21*z**2. Let p(a) = -60*a - 264. What is the remainder when m(3) is divided by p(-5)?
33
Suppose -8*g + 54 = 5*h - 8, 0 = 2*g - 8. Suppose -1 = 3*n - 22. What is the remainder when n is divided by h?
1
Suppose -24*c + 26*c = 248. Suppose -c = -2*p - 2*p. Calculate the remainder when p is divided by 2 - (7/(7/(-12)) - 3).
14
Let l(a) = -a**2 + a + 45. Let v be l(-6). Suppose -2*m + 25 = q - 4*m, 5*q = -v*m + 60. Calculate the remainder when 23 is divided by q.
8
Let i(u) = 4*u**2 - 18*u + 19. Let j be i(14). Suppose 0*k - k = -3*y + j, 3*y = -2*k + 536. Suppose y = c + 13*c. What is the remainder when c is divided by 4?
1
Let m(k) = -k**3 + 32*k**2 - k + 282. What is the remainder when m(26) is divided by 166?
162
Let v(w) = 14*w**2 + 5*w - 2. Calculate the remainder when v(-3) is divided by -3 + 82*5/10.
33
Let d be (4 + 0 + -2)*310/(-4). Let i = d + 192. Suppose -4*g + 0*g = -292. Calculate the remainder when g is divided by i.
36
Let u(m) = 2*m + 15. Let b be u(-9). Let k(z) = z**2 + 4*z + 7. Suppose 71*x - 63*x - 152 = 0. What is the remainder when x is divided by k(b)?
3
Let y = -10 - -20. Suppose 0 = 2*u - 4*v - 2, 0*u - 2*u + 1 = -5*v. Suppose -u*t = -k - 53, -2*t - k = -4*k - 33. What is the remainder when t is divided by y?
8
Let h(q) = -1 + q**3 + 2*q**3 - 2*q**2 - 4*q**3 + 5*q. Let u = 120325 + -120321. Calculate the remainder when h(-4) is divided by u.
3
Suppose -942*t + 927*t + 6555 = 0. What is the remainder when 2645 is divided by t?
23
Calculate the remainder when (7 - (-4 - (-8 + 0))) + 514 is divided by 133.
118
Let o be ((-231)/35)/(3/15*1). Let a = o - -35. Suppose 132 = a*y - 22. Calculate the remainder when y is divided by 27.
23
Suppose 0*m - 9*m + 2 = 38. Let j(g) = -g - 1. Let z(k) = 5*k + 38. Let f(a) = -5*j(a) + z(a). Calculate the remainder when 32 is divided by f(m).
2
Calculate the remainder when 24 is divided by ((-35)/15)/((-13)/39).
3
Suppose -74 = 5*r - 149. Suppose 11697 = r*c + 6*c. What is the remainder when c is divided by 93?
92
Let q(a) = -1298*a - 9047. Suppose -g + 0*g + 76 = 0. Calculate the remainder when g is divided by q(-7).
37
Suppose -52 = -4*a - 4*g, 2*a - 62 = -2*a - 2*g. Calculate the remainder when 4584/a + 7/21 is divided by 43.
40
Let m = -311 - -352. Let h(p) = 2*p**3 + 15*p**2 + 6*p + 3. Calculate the remainder when m is divided by h(-7).
1
Let x = 228 + -68. Let t = x - 140. What is the remainder when 70 is divided by t?
10
Suppose 472*w = 136*w + 31629 - 6093. What is the remainder when w is divided by 34?
8
Suppose -3*i = 15, -p + 5 = 5*i + 1. What is the remainder when 146 is divided by p?
1
Let h(x) be the third derivative of -x**4/6 - 11*x**3/2 - 15*x**2. Calculate the remainder when (-4)/10 + (-285)/(-25) is divided by h(-10).
4
Suppose 2*g = 3*g + 153. Let n be (-608)/8 + 5 - (-1 + 0). Let v = n - g. Calculate the remainder when v is divided by 17.
15
Let i(p) = 41*p**3 + 4*p**2 + 3*p. Let v be i(-1). Calculat